{"id":25,"date":"2022-03-24T20:03:15","date_gmt":"2022-03-24T20:03:15","guid":{"rendered":"https:\/\/iticse.acm.org\/2023\/?page_id=25"},"modified":"2023-07-11T13:24:47","modified_gmt":"2023-07-11T13:24:47","slug":"conference-committee","status":"publish","type":"page","link":"https:\/\/iticse.acm.org\/2023\/conference-committee\/","title":{"rendered":"Conference committee"},"content":{"rendered":"\n<h3 class=\"wp-block-heading\"><strong>Conference general chairs<\/strong><\/h3>\n\n\n\n<ul class=\"wp-block-list\">\n<li><a rel=\"noreferrer noopener\" href=\"https:\/\/www.utu.fi\/en\/people\/mikko-jussi-laakso\" target=\"_blank\">Mikko-Jussi Laakso<\/a>, University of Turku, Finland<\/li>\n\n\n\n<li><a href=\"https:\/\/www.unimi.it\/en\/ugov\/person\/mattia-monga\">Mattia Monga<\/a>, University of Milan, Italy<\/li>\n<\/ul>\n\n\n\n<h3 class=\"wp-block-heading\"><strong>Program chairs<\/strong><\/h3>\n\n\n\n<ul class=\"wp-block-list\">\n<li>Simon, unaffiliated, Australia<\/li>\n\n\n\n<li><a href=\"https:\/\/research.monash.edu\/en\/persons\/judithe-sheard\">Judy Sheard<\/a>, Monash University, Australia<\/li>\n<\/ul>\n\n\n\n<div class=\"wp-block-group\"><div class=\"wp-block-group__inner-container is-layout-flow wp-block-group-is-layout-flow\">\n<h3 class=\"wp-block-heading\"><strong>Local organising chairs<\/strong><\/h3>\n\n\n\n<ul class=\"wp-block-list\">\n<li><a href=\"https:\/\/www.utu.fi\/en\/people\/petra-enges\">Petra Enges<\/a>, University of Turku, Finland<\/li>\n<\/ul>\n<\/div><\/div>\n\n\n\n<h3 class=\"wp-block-heading\"><strong>Working Group chairs<\/strong><\/h3>\n\n\n\n<ul class=\"wp-block-list\">\n<li><a href=\"https:\/\/www.it.uu.se\/katalog\/bedal678\">Bedour Alshaigy<\/a>, &nbsp;Uppsala University, Sweden<\/li>\n\n\n\n<li>Dennis Bouvier, United States Air Force Academy<\/li>\n<\/ul>\n\n\n\n<h3 class=\"wp-block-heading\"><strong>Submission chairs<\/strong><\/h3>\n\n\n\n<ul class=\"wp-block-list\">\n<li><a href=\"https:\/\/cs.ccsu.edu\/~stan\/\">Stan Kurkovsky<\/a>, Central Connecticut State University, USA<\/li>\n\n\n\n<li><a href=\"https:\/\/www.hs-hannover.de\/service\/personenfinder\/person\/1000003082\/\">Carsten Kleiner<\/a>, Hannover University of Applied Sciences and Arts, Germany<\/li>\n<\/ul>\n\n\n\n<h3 class=\"wp-block-heading\"><strong>Treasurers\/registrars<\/strong><\/h3>\n\n\n\n<ul class=\"wp-block-list\">\n<li><a href=\"https:\/\/blogs.acu.edu\/sitc\/project\/james-prather-instructor\/\">James Prather<\/a>, Abilene Christian University, USA<\/li>\n<\/ul>\n\n\n\n<h3 class=\"wp-block-heading\"><strong>Doctoral consortium chairs<\/strong><\/h3>\n\n\n\n<ul class=\"wp-block-list\">\n<li><a href=\"https:\/\/raikes.unl.edu\/cooper\">Steve Cooper<\/a>, University of&nbsp;Nebraska-Lincoln, USA<\/li>\n\n\n\n<li><a href=\"https:\/\/www.mii.lt\/en\/structure\/staff\/408-dagiene-valentina-en-gb#research-interests\" target=\"_blank\" rel=\"noreferrer noopener\">Valentina Dagien\u0117<\/a>, Vilnius University, Lithuania<\/li>\n<\/ul>\n\n\n\n<h3 class=\"wp-block-heading\"><strong>Posters, panels, and tips, techniques, &amp; courseware chairs<\/strong><\/h3>\n\n\n\n<ul class=\"wp-block-list\">\n<li><a href=\"https:\/\/www.tudublin.ie\/explore\/faculties-and-schools\/computing-digital-data\/enterprise-computing-and-digital-transformation\/people\/keithnolan.html\">Keith Nolan<\/a>, Technological University Dublin, Ireland<\/li>\n\n\n\n<li><a href=\"https:\/\/www.utu.fi\/en\/people\/tomi-suovuo\" target=\"_blank\" rel=\"noreferrer noopener\">Tomi &#8220;bgt&#8221; Suovuo<\/a>, University of Turku, Finland<\/li>\n<\/ul>\n\n\n\n<h3 class=\"wp-block-heading\"><strong>Proceedings chairs<\/strong><\/h3>\n\n\n\n<ul class=\"wp-block-list\">\n<li><a href=\"https:\/\/www.colorado.edu\/cmci\/people\/information-science\/lecia-barker\">Lecia Barker<\/a>, University of Colorado, Boulder, USA<\/li>\n<\/ul>\n\n\n\n<h3 class=\"wp-block-heading\"><strong>Evaluations<\/strong><\/h3>\n\n\n\n<ul class=\"wp-block-list\">\n<li><a href=\"https:\/\/www.mtu.edu\/cs\/department\/people\/faculty\/wallace\/\">Charles Wallace<\/a>, Michigan Technological University, USA<\/li>\n<\/ul>\n\n\n\n<h3 class=\"wp-block-heading\"><strong>Supporter liaison<\/strong><\/h3>\n\n\n\n<ul class=\"wp-block-list\">\n<li><a href=\"http:\/\/keithquille.com\/\">Keith Quille<\/a>, Technological University Dublin, Ireland<\/li>\n\n\n\n<li><a href=\"https:\/\/www.it.uu.se\/katalog\/bedal678\">Bedour Alshaigy<\/a>, &nbsp;Uppsala University, Sweden<\/li>\n<\/ul>\n\n\n\n<h3 class=\"wp-block-heading\"><strong>Web page coordinator<\/strong><\/h3>\n\n\n\n<ul class=\"wp-block-list\">\n<li><a href=\"https:\/\/www.tudublin.ie\/explore\/faculties-and-schools\/computing-digital-data\/enterprise-computing-and-digital-transformation\/people\/keithnolan.html\">Keith Nolan<\/a>, Technological University Dublin, Ireland (ITiCSE Website Coordinator)<\/li>\n<\/ul>\n\n\n\n<h3 class=\"wp-block-heading\"><strong>Reviewers of full papers<\/strong><\/h3>\n\n\n\n<p><strong>Associate Programme Committee<\/strong><\/p>\n\n\n\n<p>Ma\u00edra Marques Samary, Calkin Suero Montero, Meghan Allen, Ajay Bandi, Marc Berges, Dennis Bouvier, Amanda Buddemeyer, Kevin Buffardi, Veronica Catete, Michelle Craig, James H. Davenport, Monica Divitini, Mohsen Dorodchi, Alan Fekete, Ge Gao, Andr\u00e9 Greubel, Cruz Izu, Natalie Kiesler, Birgit Rognebakke Krogstie, Daniel Krutz, Andrew Luxton-Reilly, Nicholas Lytle, David Malan, Thomas J Marlowe, Gabriela Moise, Mattia Monga, Keith Nolan, Michael R. Nowak, James Paterson, Keith Quille, Stefan A Robila, Guido R\u00f6\u00dfling, Kalpathi Subramanian, Claudia Szabo, Ian Utting, Henry Walker, Charles Wallace<\/p>\n\n\n\n<p><strong>Programme Committee<\/strong><\/p>\n\n\n\n<p>Shirley de Wit, Marco Aur\u00e9lio Graciotto Silva, Shirin Haji Amin Shirazi, Hemilis Joyse Barbosa Rocha, Ana Paula Ludtke Ferreira, Douglas Lusa Krug, Eldanae Nogueira Teixeira, Ben Sassi Manel, Adalbert Gerald Soosai Raj, Ismaila Temitayo Sanusi, Vivian van der Werf, Gunnar Eyal Wolf Iszaevich, Angela Zavaleta Bernuy, Ruben Acuna, Friday Joseph Agbo, Marzieh Ahmadzadeh, Irfan Ahmed, Vangel Ajanovski, Kamil Akhuseyinoglu, Bita Akram, Saleh Alhazbi, Eman Alomar, Iftekhar Anam, Sven Anderson, Vaibhav Anu, Julio Bahamon, Gina R. Bai, Lina Battestilli, Marjahan Begum, Patrice Belleville, Marta Beltran, Bradley Beth, Briana Bettin, William Billingsley, Camilla Bj\u00f6rn, Andreas Bollin, Katherine Breeden, Andrej Brodnik, Fran\u00e7ois BROQUEDIS, Neil Brown, Dennis Brylow, Robert Andrei Buchmann, Philip Sheridan Buffum, David Bunde, Andrew Cain, Leandro Carvalho, Francisco Enrique Vicente Castro, Jeevan Chapagain, Ma\u0142gorzata Charytanowicz, Huanyi Chen, Qiong Cheng, Luca Chiodini, Drew Alex Clinkenbeard, Tiago Cogumbreiro, Steve Cooper, Julia Crossley, Maria Csernoch, Quintin Cutts, Lawrence D&#8217;Antonio, Hathaichanok Damrongsiri, Rahmad Dawood, Adrian Deaconu, Adrienne Decker, Dimitris Dranidis, Hanxiang Du, Rodrigo Duran, Maria Ebling, Bob Edmison, Stephen Edwards, John Edwards, Abigail Evans, Nuno Fachada, Mohammed Farghally, Russell Feldhausen, Christian Fleiner, Morgan Fong, Matthew Forshaw, Max Fowler, Gordon Fraser, Ilenia Fronza, Iris Gaber, Adam Gaweda, Paul Gestwicki, Nasser Giacaman, Richard Glassey, Michael Gousie, Isabella Gransbury, Wouter Groeneveld, Thomas R. Gross, Juan Gutierrez-Cardenas, Georgiana Haldeman, Nadeem Hamid, James Harland, Brian Harrington, Mohammed Hassan, Taha Hassan, Carl C. Haynes-Magyar, Orit Hazzan, Arto Hellas, Joseph Edward Helsing, Nicole Herbert, Cay Horstmann, Xinying Hou, Fuqun Huang, Bowen Hui, Johan Jeuring, Bailey Kacsmar, Baghban Karimi, Oscar Karnalim, Maria Kasinidou, Ayaan Kazerouni, Petros Kefalas, Hieke Keuning, Anthony Kleerekoper, Tobias Kohn, Viraj Kumar, Zachary Kurmas, Clifton Kussmaul, Lisa Lacher, David Largent, Norman Tiong Seng Lee, Juho Leinonen, Zhiyi Li, Jingsai Liang, Zilu Liang, Christine Liebe, Yongwhan Lim, Michael Liut, Yuan Long, Maria Lopez-Delgado, Stephanie Lunn, Manuel Maarek, Suleman Mahmood, Kamil Malinka, Kai Marquardt, Mirko Marras, William Mason, Sharon Mason, Bruce Maxwell, Lester McCann, Sean Mcculloch, Charlie Mcdowell, Brian McSkimming, Ant\u00f3nio Mendes, Xiannong Meng, Marcus Messer, Jose Carlos Metrolho, Paul Mihail Radu, Michael Miljanovic, Craig S. Miller, Marius Minea, Mohamed Wiem Mkaouer, Aidan Mooney, Miguel Morales-Trujillo, Srikanth Mudigonda, Line Have Musaeus, Michael Neumann, Christopher Nitta, Emma Norling, Narges Norouzi, TJ OConnor, Ana-Maria Oprescu, Angela Orebaugh, Linda Ott, Eng Lieh Ouh, Abhishek Parakh, Youngki Park, Miranda Parker, Gabriel Parriaux, Nathan Percival, Andrew Petersen, W. Michael Petullo, Marcelo Pias, Brian Plancher, Irene Polycarpou, Jo\u00ebl Porquet-Lupine, Lauren Powell, Prajish Prasad, James Prather, Tom Prickett, Dapeng Qu, Ricardo Queir\u00f3s, Rajendra K. Raj, Saquib Razak, Shanon Reckinger, Jake Renzella, Adrian Riesco, Michael Robson, Rodrigo Rocha, Nicole Ronald, Sean Russell, Adrian Rusu, Vivek Sabanwar, Amin Sakzad, Afonso Sales, Mario Sanchez, Aamod Sane, Andr\u00e9 Santos, Spruha Satavlekar, Jaromir Savelka, Fernando Schapachnik, Stephanie Schwartz, Michael Scott, Manuel Selva, Camelia Serban, Alyssa S. Sha, Mark Sherriff, Yang Shi, Yasuto Shirai, Natalia Silvis-Cividjian, Jane Sinclair, Vanja Slavuj, Yang Song, Krassen Stefanov, Rebecca Strachan, Sven Strickroth, Michael Striewe, Anya Tafliovich, Toni Taipalus, Jialiang Tan, Ella Taylor-Smith, Lynda Thomas, Neena Thota, Manoj Thulasidas, Giulia Toti, Yun-Cheng Tsai, Jessica Vandenberg, Tullio Vardanega, J. \u00c1ngel Vel\u00e1zquez-Iturbide, Lidia Vidal, Giovanni Vincenti, Sally Wahba, Jane Waite, Emma Wang, Jayce Warner, Josh Weese, Linda Werner, Emily Rowan Winter, Chris Wong, Wensheng Wu, Zihan Wu, Burkhard W\u00fcnsche, Hannan Xiao, Aman Yadav, Ke Zhang, Li Zhang, Lisa Zhang, Liang Zhang, Emily Lovell<\/p>\n\n\n\n<p><\/p>\n\n\n\n<h3 class=\"wp-block-heading\"><strong>Reviewers of short submissions<\/strong><\/h3>\n\n\n\n<p>Marco Aur\u00e9lio Graciotto Silva, Douglas Lusa Krug, Angela Zavaleta Bernuy, Emma Victoria Anderson, Rui Bai, Bradley Gene Beth, Ma\u0142gorzata Charytanowicz, Huanyi Chen, Lawrence D&#8217;Antonio, James Davenport, Rutwa Engineer, Nuno Fachada, Alan David Fekete, Iris Gaber, Juan Gutierrez-Cardenas, Taha Hassan, Danijela Jaksic, Lynette Johns-Boast, Baghban Karimi, Tobias Kohn, Chung-Hsien Kuo, Norman Lee, Yongwhan Lim, Thomas J Marlowe, Bruce Maxwell, Charles McDowell, Brian McSkimming, Andrew Meads, Rosemary Monahan, James Paterson, jo\u00ebl porquet, Tom Prickett, Shanon Reckinger, Guido R\u00f6\u00dfling, Sean Russell, Michael Scott, Jessica Vandenberg, Tullio Vardanega, Henry Walker, Shih-Lin Wu, Chen Chen, Russell Feldhausen, Richard Glassey, James Harland, Sebastian Krings, Joseph Maguire, Mia Minnes, Michael R. Nowak, Guido R\u00f6\u00dfling, Sean Russell, Yasuto Shirai, Oleg Sychev, Yun-Cheng Tsai<\/p>\n","protected":false},"excerpt":{"rendered":"<p>Conference general chairs Program chairs Local organising chairs Working Group chairs Submission chairs Treasurers\/registrars Doctoral consortium chairs Posters, panels, and tips, techniques, &amp; courseware chairs&hellip;<\/p>\n","protected":false},"author":1,"featured_media":0,"parent":0,"menu_order":0,"comment_status":"closed","ping_status":"closed","template":"","meta":{"footnotes":""},"class_list":["post-25","page","type-page","status-publish","hentry"],"_links":{"self":[{"href":"https:\/\/iticse.acm.org\/2023\/wp-json\/wp\/v2\/pages\/25","targetHints":{"allow":["GET"]}}],"collection":[{"href":"https:\/\/iticse.acm.org\/2023\/wp-json\/wp\/v2\/pages"}],"about":[{"href":"https:\/\/iticse.acm.org\/2023\/wp-json\/wp\/v2\/types\/page"}],"author":[{"embeddable":true,"href":"https:\/\/iticse.acm.org\/2023\/wp-json\/wp\/v2\/users\/1"}],"replies":[{"embeddable":true,"href":"https:\/\/iticse.acm.org\/2023\/wp-json\/wp\/v2\/comments?post=25"}],"version-history":[{"count":18,"href":"https:\/\/iticse.acm.org\/2023\/wp-json\/wp\/v2\/pages\/25\/revisions"}],"predecessor-version":[{"id":828,"href":"https:\/\/iticse.acm.org\/2023\/wp-json\/wp\/v2\/pages\/25\/revisions\/828"}],"wp:attachment":[{"href":"https:\/\/iticse.acm.org\/2023\/wp-json\/wp\/v2\/media?parent=25"}],"curies":[{"name":"wp","href":"https:\/\/api.w.org\/{rel}","templated":true}]}}